{"id":194,"date":"2025-01-18T10:13:39","date_gmt":"2025-01-18T09:13:39","guid":{"rendered":"https:\/\/pixel.apalis.fr\/?page_id=194"},"modified":"2025-01-19T20:52:34","modified_gmt":"2025-01-19T19:52:34","slug":"antagonistes","status":"publish","type":"page","link":"https:\/\/pixel.apalis.fr\/?page_id=194","title":{"rendered":"Antagonistes"},"content":{"rendered":"\n<p>Ce camp se r\u00e9veille toutes les nuits, et d\u00e9signe un joueur \u00e0 \u00e9liminer (ce n\u2019est pas obligatoire).<\/p>\n\n\n\n<figure class=\"wp-block-image size-full is-resized\"><img loading=\"lazy\" decoding=\"async\" width=\"600\" height=\"870\" src=\"https:\/\/pixel.apalis.fr\/wp-content\/uploads\/2025\/01\/Takuto.png\" alt=\"\" class=\"wp-image-240\" style=\"width:250px\" srcset=\"https:\/\/pixel.apalis.fr\/wp-content\/uploads\/2025\/01\/Takuto.png 600w, https:\/\/pixel.apalis.fr\/wp-content\/uploads\/2025\/01\/Takuto-207x300.png 207w\" sizes=\"auto, (max-width: 600px) 100vw, 600px\" \/><\/figure>\n\n\n\n<p><strong>Takuto Ira&nbsp;:<\/strong><br>Poss\u00e8de plusieurs pouvoirs&nbsp;:<br>\u2192 Alliance Malfaisante&nbsp;: Choisis un joueur qui deviendra son h\u00e9ros. Ce dernier gagnera d\u00e9sormais la partie avec les Antagonistes.<br>\u2192 Passation de la couronne&nbsp;: Si Takuto est toujours en vie et que son h\u00e9ros vient \u00e0 mourir, il pourra d\u00e9signer l\u2019un des joueurs adjacent en temps que nouvel h\u00e9ros.<\/p>\n\n\n\n<figure class=\"wp-block-image size-full is-resized\"><img loading=\"lazy\" decoding=\"async\" width=\"600\" height=\"870\" src=\"https:\/\/pixel.apalis.fr\/wp-content\/uploads\/2025\/01\/Kenjaku-2.png\" alt=\"\" class=\"wp-image-234\" style=\"width:250px\" srcset=\"https:\/\/pixel.apalis.fr\/wp-content\/uploads\/2025\/01\/Kenjaku-2.png 600w, https:\/\/pixel.apalis.fr\/wp-content\/uploads\/2025\/01\/Kenjaku-2-207x300.png 207w\" sizes=\"auto, (max-width: 600px) 100vw, 600px\" \/><\/figure>\n\n\n\n<p><strong>Kenjaku&nbsp;:<\/strong><br>\u2192 R\u00e9incarnation&nbsp;: Peut voler le corps (et donc les pouvoirs d\u2019un autre joueur) qui s\u2019est fait tuer par les Antagonistes \u00e0 deux conditions&nbsp;: Soit il est mort, soit il choisit de se transvaser, ce pouvoir est \u00e0 utilisation unique.<\/p>\n\n\n\n<figure class=\"wp-block-image size-full is-resized\"><img loading=\"lazy\" decoding=\"async\" width=\"600\" height=\"870\" src=\"https:\/\/pixel.apalis.fr\/wp-content\/uploads\/2025\/01\/Rathalos-1.png\" alt=\"\" class=\"wp-image-201\" style=\"width:250px\" srcset=\"https:\/\/pixel.apalis.fr\/wp-content\/uploads\/2025\/01\/Rathalos-1.png 600w, https:\/\/pixel.apalis.fr\/wp-content\/uploads\/2025\/01\/Rathalos-1-207x300.png 207w\" sizes=\"auto, (max-width: 600px) 100vw, 600px\" \/><\/figure>\n\n\n\n<p><strong>Rathalos&nbsp;:<\/strong><br>\u2192 Camouflage&nbsp;: Ne peut mourir les nuits paires.<br>\u2192 Envol&nbsp;: Rathalos peut choisir de s\u2019envoler pour les deux prochains tours, le rendant insensible aux attaques (pas aux suicides) de jour (la nuit il se pose). Pendant ces deux jours, il pourra choisir de carboniser un joueur le tuant sur le coup. Ce pouvoir est \u00e0 usage unique.<\/p>\n\n\n\n<figure class=\"wp-block-image size-full is-resized\"><img loading=\"lazy\" decoding=\"async\" width=\"600\" height=\"870\" src=\"https:\/\/pixel.apalis.fr\/wp-content\/uploads\/2025\/01\/Capitano.png\" alt=\"\" class=\"wp-image-236\" style=\"width:250px\" srcset=\"https:\/\/pixel.apalis.fr\/wp-content\/uploads\/2025\/01\/Capitano.png 600w, https:\/\/pixel.apalis.fr\/wp-content\/uploads\/2025\/01\/Capitano-207x300.png 207w\" sizes=\"auto, (max-width: 600px) 100vw, 600px\" \/><\/figure>\n\n\n\n<p><strong>Capitano :<\/strong><br>Masque du silence : Plonge un joueur dans le silence pour une journ\u00e9e, si ce dernier tente de parler, il mourras instantan\u00e9ment.<br>Glacier \u00e9ternel : S&rsquo;enferme dans de la glace pour deux tours, l&#8217;emp\u00eachant de mourir, d\u2019interagir avec la partie ou m\u00eame de perdre, ce pouvoir est \u00e0 utilisation unique.<\/p>\n\n\n\n<p><\/p>\n","protected":false},"excerpt":{"rendered":"<p>Ce camp se r\u00e9veille toutes les nuits, et d\u00e9signe un joueur \u00e0 \u00e9liminer (ce n\u2019est pas obligatoire). Takuto Ira&nbsp;:Poss\u00e8de plusieurs pouvoirs&nbsp;:\u2192 Alliance Malfaisante&nbsp;: Choisis un joueur qui deviendra son h\u00e9ros. Ce dernier gagnera d\u00e9sormais la partie avec les Antagonistes.\u2192 Passation de la couronne&nbsp;: Si Takuto est toujours en vie et que son h\u00e9ros vient \u00e0&#8230;<\/p>\n<p class=\"more-link-wrap\"><a href=\"https:\/\/pixel.apalis.fr\/?page_id=194\" class=\"more-link\">Read More<span class=\"screen-reader-text\"> &ldquo;Antagonistes&rdquo;<\/span> &raquo;<\/a><\/p>\n","protected":false},"author":1,"featured_media":0,"parent":0,"menu_order":0,"comment_status":"closed","ping_status":"closed","template":"","meta":{"footnotes":""},"class_list":["post-194","page","type-page","status-publish","hentry"],"_links":{"self":[{"href":"https:\/\/pixel.apalis.fr\/index.php?rest_route=\/wp\/v2\/pages\/194","targetHints":{"allow":["GET"]}}],"collection":[{"href":"https:\/\/pixel.apalis.fr\/index.php?rest_route=\/wp\/v2\/pages"}],"about":[{"href":"https:\/\/pixel.apalis.fr\/index.php?rest_route=\/wp\/v2\/types\/page"}],"author":[{"embeddable":true,"href":"https:\/\/pixel.apalis.fr\/index.php?rest_route=\/wp\/v2\/users\/1"}],"replies":[{"embeddable":true,"href":"https:\/\/pixel.apalis.fr\/index.php?rest_route=%2Fwp%2Fv2%2Fcomments&post=194"}],"version-history":[{"count":5,"href":"https:\/\/pixel.apalis.fr\/index.php?rest_route=\/wp\/v2\/pages\/194\/revisions"}],"predecessor-version":[{"id":242,"href":"https:\/\/pixel.apalis.fr\/index.php?rest_route=\/wp\/v2\/pages\/194\/revisions\/242"}],"wp:attachment":[{"href":"https:\/\/pixel.apalis.fr\/index.php?rest_route=%2Fwp%2Fv2%2Fmedia&parent=194"}],"curies":[{"name":"wp","href":"https:\/\/api.w.org\/{rel}","templated":true}]}}