{"id":30,"date":"2023-05-09T16:11:51","date_gmt":"2023-05-09T14:11:51","guid":{"rendered":"https:\/\/pixel.apalis.fr\/?page_id=30"},"modified":"2023-05-12T15:38:44","modified_gmt":"2023-05-12T13:38:44","slug":"heart-of-iron","status":"publish","type":"page","link":"https:\/\/pixel.apalis.fr\/?page_id=30","title":{"rendered":"HEART OF IRON 4"},"content":{"rendered":"\n<p>Heart of Iron 4 est un jeu de strat\u00e9gie militaire ou vous jouer un pays (celui que vous voulez) pendant la seconde guerre mondiale. <\/p>\n\n\n\n<p>Vous devez g\u00e9r\u00e9e votre propre pays en terme militaire pour conqu\u00e9rir le monde. Vous pouvez aussi cr\u00e9e des alliances ou en rejoindre pour \u00e9craser vaux ennemies.<\/p>\n\n\n\n<figure class=\"wp-block-image size-large\"><img loading=\"lazy\" decoding=\"async\" width=\"1024\" height=\"576\" src=\"https:\/\/pixel.apalis.fr\/wp-content\/uploads\/2023\/05\/image-1-1024x576.png\" alt=\"\" class=\"wp-image-77\" srcset=\"https:\/\/pixel.apalis.fr\/wp-content\/uploads\/2023\/05\/image-1-1024x576.png 1024w, https:\/\/pixel.apalis.fr\/wp-content\/uploads\/2023\/05\/image-1-300x169.png 300w, https:\/\/pixel.apalis.fr\/wp-content\/uploads\/2023\/05\/image-1-768x432.png 768w, https:\/\/pixel.apalis.fr\/wp-content\/uploads\/2023\/05\/image-1.png 1366w\" sizes=\"auto, (max-width: 1024px) 100vw, 1024px\" \/><\/figure>\n","protected":false},"excerpt":{"rendered":"<p>Heart of Iron 4 est un jeu de strat\u00e9gie militaire ou vous jouer un pays (celui que vous voulez) pendant la seconde guerre mondiale. Vous devez g\u00e9r\u00e9e votre propre pays en terme militaire pour conqu\u00e9rir le monde. Vous pouvez aussi cr\u00e9e des alliances ou en rejoindre pour \u00e9craser vaux ennemies.<\/p>\n","protected":false},"author":2,"featured_media":59,"parent":0,"menu_order":0,"comment_status":"closed","ping_status":"closed","template":"","meta":{"footnotes":""},"class_list":["post-30","page","type-page","status-publish","has-post-thumbnail","hentry"],"_links":{"self":[{"href":"https:\/\/pixel.apalis.fr\/index.php?rest_route=\/wp\/v2\/pages\/30","targetHints":{"allow":["GET"]}}],"collection":[{"href":"https:\/\/pixel.apalis.fr\/index.php?rest_route=\/wp\/v2\/pages"}],"about":[{"href":"https:\/\/pixel.apalis.fr\/index.php?rest_route=\/wp\/v2\/types\/page"}],"author":[{"embeddable":true,"href":"https:\/\/pixel.apalis.fr\/index.php?rest_route=\/wp\/v2\/users\/2"}],"replies":[{"embeddable":true,"href":"https:\/\/pixel.apalis.fr\/index.php?rest_route=%2Fwp%2Fv2%2Fcomments&post=30"}],"version-history":[{"count":10,"href":"https:\/\/pixel.apalis.fr\/index.php?rest_route=\/wp\/v2\/pages\/30\/revisions"}],"predecessor-version":[{"id":79,"href":"https:\/\/pixel.apalis.fr\/index.php?rest_route=\/wp\/v2\/pages\/30\/revisions\/79"}],"wp:featuredmedia":[{"embeddable":true,"href":"https:\/\/pixel.apalis.fr\/index.php?rest_route=\/wp\/v2\/media\/59"}],"wp:attachment":[{"href":"https:\/\/pixel.apalis.fr\/index.php?rest_route=%2Fwp%2Fv2%2Fmedia&parent=30"}],"curies":[{"name":"wp","href":"https:\/\/api.w.org\/{rel}","templated":true}]}}